{"id":2291,"date":"2021-03-24T12:55:10","date_gmt":"2021-03-24T11:55:10","guid":{"rendered":"https:\/\/programme-neuf-rennes.fr\/?page_id=2291"},"modified":"2021-09-07T13:39:10","modified_gmt":"2021-09-07T11:39:10","slug":"fin-de-defiscalisation","status":"publish","type":"page","link":"https:\/\/programme-neuf-rennes.fr\/index.php\/fin-de-defiscalisation\/","title":{"rendered":"J\u2019arrive \u00e0 la fin de ma d\u00e9fiscalisation, que faire ?"},"content":{"rendered":"\t\t<div data-elementor-type=\"wp-page\" data-elementor-id=\"2291\" class=\"elementor elementor-2291\" data-elementor-settings=\"[]\">\n\t\t\t\t\t\t\t<div class=\"elementor-section-wrap\">\n\t\t\t\t\t\t\t<section class=\"elementor-section elementor-top-section elementor-element elementor-element-3a7ea21f elementor-section-full_width elementor-section-stretched elementor-section-height-default elementor-section-height-default\" data-id=\"3a7ea21f\" data-element_type=\"section\" data-settings=\"{&quot;background_background&quot;:&quot;classic&quot;,&quot;stretch_section&quot;:&quot;section-stretched&quot;}\">\n\t\t\t\t\t\t<div class=\"elementor-container elementor-column-gap-no\">\n\t\t\t\t\t<div class=\"elementor-column elementor-col-50 elementor-top-column elementor-element elementor-element-64e94b49 elementor-hidden-tablet elementor-hidden-phone\" data-id=\"64e94b49\" data-element_type=\"column\" data-settings=\"{&quot;background_background&quot;:&quot;classic&quot;}\">\n\t\t\t<div class=\"elementor-widget-wrap elementor-element-populated\">\n\t\t\t\t\t\t\t\t<div class=\"elementor-element elementor-element-7b952706 elementor-widget elementor-widget-image\" data-id=\"7b952706\" data-element_type=\"widget\" data-widget_type=\"image.default\">\n\t\t\t\t<div class=\"elementor-widget-container\">\n\t\t\t\t\t<div class=\"elementor-image\">\n\t\t\t\t\t\t\t\t\t\t<img width=\"2000\" height=\"1125\" src=\"https:\/\/programme-neuf-rennes.fr\/wp-content\/uploads\/2021\/03\/Residence_de_la_paix.jpeg\" class=\"attachment-full size-full\" alt=\"programme neuf rennes\" loading=\"lazy\" srcset=\"https:\/\/programme-neuf-rennes.fr\/wp-content\/uploads\/2021\/03\/Residence_de_la_paix.jpeg 2000w, https:\/\/programme-neuf-rennes.fr\/wp-content\/uploads\/2021\/03\/Residence_de_la_paix-300x169.jpeg 300w, https:\/\/programme-neuf-rennes.fr\/wp-content\/uploads\/2021\/03\/Residence_de_la_paix-1024x576.jpeg 1024w, https:\/\/programme-neuf-rennes.fr\/wp-content\/uploads\/2021\/03\/Residence_de_la_paix-768x432.jpeg 768w, https:\/\/programme-neuf-rennes.fr\/wp-content\/uploads\/2021\/03\/Residence_de_la_paix-1536x864.jpeg 1536w\" sizes=\"(max-width: 2000px) 100vw, 2000px\" \/>\t\t\t\t\t\t\t\t\t\t\t<\/div>\n\t\t\t\t<\/div>\n\t\t\t\t<\/div>\n\t\t\t\t\t<\/div>\n\t\t<\/div>\n\t\t\t\t<div class=\"elementor-column elementor-col-50 elementor-top-column elementor-element elementor-element-260ff28f\" data-id=\"260ff28f\" data-element_type=\"column\" data-settings=\"{&quot;background_background&quot;:&quot;classic&quot;}\">\n\t\t\t<div class=\"elementor-widget-wrap elementor-element-populated\">\n\t\t\t\t\t\t\t\t<div class=\"elementor-element elementor-element-4765eaf6 elementor-widget elementor-widget-spacer\" data-id=\"4765eaf6\" data-element_type=\"widget\" data-widget_type=\"spacer.default\">\n\t\t\t\t<div class=\"elementor-widget-container\">\n\t\t\t\t\t<div class=\"elementor-spacer\">\n\t\t\t<div class=\"elementor-spacer-inner\"><\/div>\n\t\t<\/div>\n\t\t\t\t<\/div>\n\t\t\t\t<\/div>\n\t\t\t\t<div class=\"elementor-element elementor-element-1a61719d aleft elementor-widget elementor-widget-wgl-double-headings\" data-id=\"1a61719d\" data-element_type=\"widget\" data-widget_type=\"wgl-double-headings.default\">\n\t\t\t\t<div class=\"elementor-widget-container\">\n\t\t\t<div class=\"wgl-double_heading\">                <h3 class=\"dbl-title_wrapper\"><span class=\"dbl-title dbl-title_1\">J\u2019arrive \u00e0 la fin de ma d\u00e9fiscalisation, <\/span> <span class=\"dbl-title dbl-title_2\">que faire ?<\/span>                 <\/h3>        <\/div>\t\t<\/div>\n\t\t\t\t<\/div>\n\t\t\t\t<div class=\"elementor-element elementor-element-5efce0db elementor-widget elementor-widget-text-editor\" data-id=\"5efce0db\" data-element_type=\"widget\" data-widget_type=\"text-editor.default\">\n\t\t\t\t<div class=\"elementor-widget-container\">\n\t\t\t\t\t<div class=\"elementor-text-editor elementor-clearfix\"><p style=\"text-align: justify;\">Vous avez acquis il y a plusieurs ann\u00e9es un bien avec un dispositif de d\u00e9fiscalisation type Loi Pinel, Loi Duflot, Loi Scellier ou encore Loi De Normandie.<\/p><\/div>\n\t\t\t\t<\/div>\n\t\t\t\t<\/div>\n\t\t\t\t<div class=\"elementor-element elementor-element-35d4ab8f elementor-widget elementor-widget-spacer\" data-id=\"35d4ab8f\" data-element_type=\"widget\" data-widget_type=\"spacer.default\">\n\t\t\t\t<div class=\"elementor-widget-container\">\n\t\t\t\t\t<div class=\"elementor-spacer\">\n\t\t\t<div class=\"elementor-spacer-inner\"><\/div>\n\t\t<\/div>\n\t\t\t\t<\/div>\n\t\t\t\t<\/div>\n\t\t\t\t<div class=\"elementor-element elementor-element-2d4ae2f1 elementor-widget elementor-widget-spacer\" data-id=\"2d4ae2f1\" data-element_type=\"widget\" data-widget_type=\"spacer.default\">\n\t\t\t\t<div class=\"elementor-widget-container\">\n\t\t\t\t\t<div class=\"elementor-spacer\">\n\t\t\t<div class=\"elementor-spacer-inner\"><\/div>\n\t\t<\/div>\n\t\t\t\t<\/div>\n\t\t\t\t<\/div>\n\t\t\t\t\t<\/div>\n\t\t<\/div>\n\t\t\t\t\t\t\t<\/div>\n\t\t<\/section>\n\t\t\t\t<section class=\"elementor-section elementor-top-section elementor-element elementor-element-bca991d elementor-section-boxed elementor-section-height-default elementor-section-height-default\" data-id=\"bca991d\" data-element_type=\"section\">\n\t\t\t\t\t\t<div class=\"elementor-container elementor-column-gap-default\">\n\t\t\t\t\t<div class=\"elementor-column elementor-col-100 elementor-top-column elementor-element elementor-element-51e789f\" data-id=\"51e789f\" data-element_type=\"column\">\n\t\t\t<div class=\"elementor-widget-wrap elementor-element-populated\">\n\t\t\t\t\t\t\t\t<div class=\"elementor-element elementor-element-9c9e20e elementor-widget elementor-widget-text-editor\" data-id=\"9c9e20e\" data-element_type=\"widget\" data-widget_type=\"text-editor.default\">\n\t\t\t\t<div class=\"elementor-widget-container\">\n\t\t\t\t\t<div class=\"elementor-text-editor elementor-clearfix\"><p>\u00a0<\/p><p style=\"text-align: justify;\"><span style=\"color: #ffffff;\">Sans s\u2019attarder sur ces diff\u00e9rents dispositifs fiscaux, chacun d\u2019eux permettait \u00e0 sa mani\u00e8re de d\u00e9fiscaliser dans la pierre, tout-ou-partie de vos imp\u00f4ts sur une dur\u00e9e de d\u00e9tention connue.<\/span><\/p><p style=\"text-align: justify;\">\u00a0<\/p><p style=\"text-align: justify;\"><span style=\"color: #ffffff;\">Probl\u00e8me, vous arrivez \u00e0 la fin de la d\u00e9fiscalisation que vous aviez choisi lors de votre achat. Pire, vous payerez d\u00e8s l\u2019ann\u00e9e prochaine, vos imp\u00f4ts en plus des imp\u00f4ts sur les revenus g\u00e9n\u00e9r\u00e9s par votre locataire actuel.<\/span><\/p><p style=\"text-align: justify;\">\u00a0<\/p><p style=\"text-align: justify;\"><span style=\"color: #ffffff;\">Pas de panique, nous nous chargeons pour vous d\u2019effectuer toutes les d\u00e9marches n\u00e9cessaires et rapidement pour vous aider \u00e0 continuer de d\u00e9fiscaliser.<\/span><\/p><p style=\"text-align: justify;\">\u00a0<\/p><p style=\"text-align: justify;\"><span style=\"color: #ffffff;\">Ainsi, il est vivement conseill\u00e9 de revendre votre appartement anciennement acquis, au profil d\u2019un nouveau. Cela vous permettra de continuer vos investissements tout en d\u00e9fiscalisant pour l\u2019avenir de votre patrimoine.<\/span><\/p><p style=\"text-align: justify;\">\u00a0<\/p><p style=\"text-align: justify;\"><span style=\"color: #ffffff;\">Chez LHERMINE TRANSACTIONS, vous \u00eates accompagn\u00e9 de A \u00e0 Z. Nous revendons votre appartement ou maison au meilleur prix existent sur le march\u00e9. Puis nous s\u00e9lectionnons avec vous, un nouveau bien locatif Loi Pinel ou Loi DeNormandie pour vous permettre de continuer de d\u00e9fiscaliser en toute s\u00e9r\u00e9nit\u00e9.<\/span><\/p><p style=\"text-align: justify;\"><span style=\"color: #ffffff;\">Vous \u00eates entre de bonnes mains, notre service financier vous accompagne pour votre pr\u00eat \u00e9ventuel. Si vous le souhaitez, nous effectuerons aussi la gestion locative de votre future acquisition.<\/span><\/p><\/div>\n\t\t\t\t<\/div>\n\t\t\t\t<\/div>\n\t\t\t\t\t<\/div>\n\t\t<\/div>\n\t\t\t\t\t\t\t<\/div>\n\t\t<\/section>\n\t\t\t\t<section class=\"elementor-section elementor-top-section elementor-element elementor-element-3552800 elementor-section-boxed elementor-section-height-default elementor-section-height-default\" data-id=\"3552800\" data-element_type=\"section\">\n\t\t\t\t\t\t<div class=\"elementor-container elementor-column-gap-default\">\n\t\t\t\t\t<div class=\"elementor-column elementor-col-100 elementor-top-column elementor-element elementor-element-0131271\" data-id=\"0131271\" data-element_type=\"column\">\n\t\t\t<div class=\"elementor-widget-wrap elementor-element-populated\">\n\t\t\t\t\t\t\t\t<div class=\"elementor-element elementor-element-20e1082 elementor-widget elementor-widget-text-editor\" data-id=\"20e1082\" data-element_type=\"widget\" data-widget_type=\"text-editor.default\">\n\t\t\t\t<div class=\"elementor-widget-container\">\n\t\t\t\t\t<div class=\"elementor-text-editor elementor-clearfix\"><div role=\"form\" class=\"wpcf7\" id=\"wpcf7-f1000-o1\" lang=\"en-US\" dir=\"ltr\">\n<div class=\"screen-reader-response\"><p role=\"status\" aria-live=\"polite\" aria-atomic=\"true\"><\/p> <ul><\/ul><\/div>\n<form action=\"\/index.php\/wp-json\/wp\/v2\/pages\/2291#wpcf7-f1000-o1\" method=\"post\" class=\"wpcf7-form init demo\" novalidate=\"novalidate\" data-status=\"init\">\n<div style=\"display: none;\">\n<input type=\"hidden\" name=\"_wpcf7\" value=\"1000\" \/>\n<input type=\"hidden\" name=\"_wpcf7_version\" value=\"5.4\" \/>\n<input type=\"hidden\" name=\"_wpcf7_locale\" value=\"en_US\" \/>\n<input type=\"hidden\" name=\"_wpcf7_unit_tag\" value=\"wpcf7-f1000-o1\" \/>\n<input type=\"hidden\" name=\"_wpcf7_container_post\" value=\"0\" \/>\n<input type=\"hidden\" name=\"_wpcf7_posted_data_hash\" value=\"\" \/>\n<input type=\"hidden\" name=\"_wpcf7_recaptcha_response\" value=\"\" \/>\n<\/div>\n<p><label> Nom<br \/>\n    <span class=\"wpcf7-form-control-wrap your-name\"><input type=\"text\" name=\"your-name\" value=\"\" size=\"40\" class=\"wpcf7-form-control wpcf7-text wpcf7-validates-as-required\" aria-required=\"true\" aria-invalid=\"false\" \/><\/span> <\/label><br \/>\n<label> Email<br \/>\n    <span class=\"wpcf7-form-control-wrap your-email\"><input type=\"email\" name=\"your-email\" value=\"\" size=\"40\" class=\"wpcf7-form-control wpcf7-text wpcf7-email wpcf7-validates-as-required wpcf7-validates-as-email\" aria-required=\"true\" aria-invalid=\"false\" \/><\/span> <\/label><br \/>\n<label> T\u00e9l\u00e9phone<br \/>\n    <span class=\"wpcf7-form-control-wrap your-subject\"><input type=\"text\" name=\"your-subject\" value=\"\" size=\"40\" class=\"wpcf7-form-control wpcf7-text\" aria-invalid=\"false\" \/><\/span> <\/label><br \/>\n<input type=\"submit\" value=\"Contactez nous\" class=\"wpcf7-form-control wpcf7-submit\" \/><\/p>\n<div class=\"wpcf7-response-output\" aria-hidden=\"true\"><\/div><\/form><\/div><\/div>\n\t\t\t\t<\/div>\n\t\t\t\t<\/div>\n\t\t\t\t\t<\/div>\n\t\t<\/div>\n\t\t\t\t\t\t\t<\/div>\n\t\t<\/section>\n\t\t\t\t<section class=\"elementor-section elementor-top-section elementor-element elementor-element-eb4018f elementor-section-boxed elementor-section-height-default elementor-section-height-default\" data-id=\"eb4018f\" data-element_type=\"section\">\n\t\t\t\t\t\t<div class=\"elementor-container elementor-column-gap-default\">\n\t\t\t\t\t<div class=\"elementor-column elementor-col-100 elementor-top-column elementor-element elementor-element-5a19755\" data-id=\"5a19755\" data-element_type=\"column\">\n\t\t\t<div class=\"elementor-widget-wrap elementor-element-populated\">\n\t\t\t\t\t\t\t\t<div class=\"elementor-element elementor-element-6478dfa elementor-widget elementor-widget-heading\" data-id=\"6478dfa\" data-element_type=\"widget\" data-widget_type=\"heading.default\">\n\t\t\t\t<div class=\"elementor-widget-container\">\n\t\t\t<h2 class=\"elementor-heading-title elementor-size-default\"><h4 class=\"p1\" style=\"text-align: center;\"><span style=\"color: #d36e2a;\"><strong>L\u00e9o joussaume - 06.38.25.39.92<\/strong><\/span><br><span style=\"color: #d36e2a;\"><strong>St\u00e9phane L'hermine - 06.89.81.29.05<\/strong><\/span><\/h4><\/h2>\t\t<\/div>\n\t\t\t\t<\/div>\n\t\t\t\t\t<\/div>\n\t\t<\/div>\n\t\t\t\t\t\t\t<\/div>\n\t\t<\/section>\n\t\t\t\t\t\t<\/div>\n\t\t\t\t\t<\/div>\n\t\t","protected":false},"excerpt":{"rendered":"<p>J\u2019arrive \u00e0 la fin de ma d\u00e9fiscalisation, que faire ? Vous avez acquis il y a plusieurs ann\u00e9es un bien avec un dispositif de d\u00e9fiscalisation type Loi Pinel, Loi Duflot, Loi Scellier ou encore Loi De Normandie. \u00a0 Sans s\u2019attarder sur ces diff\u00e9rents dispositifs fiscaux, chacun d\u2019eux permettait \u00e0 sa mani\u00e8re de d\u00e9fiscaliser dans la [&hellip;]<\/p>\n","protected":false},"author":1,"featured_media":0,"parent":0,"menu_order":0,"comment_status":"closed","ping_status":"closed","template":"","meta":[],"yoast_head":"<!-- This site is optimized with the Yoast SEO plugin v16.1.1 - https:\/\/yoast.com\/wordpress\/plugins\/seo\/ -->\n<title>J\u2019arrive \u00e0 la fin de ma d\u00e9fiscalisation, que faire ? - Lhermine Immobilier<\/title>\n<link rel=\"canonical\" href=\"https:\/\/programme-neuf-rennes.fr\/index.php\/fin-de-defiscalisation\/\" \/>\n<meta property=\"og:locale\" content=\"fr_FR\" \/>\n<meta property=\"og:type\" content=\"article\" \/>\n<meta property=\"og:title\" content=\"J\u2019arrive \u00e0 la fin de ma d\u00e9fiscalisation, que faire ? - Lhermine Immobilier\" \/>\n<meta property=\"og:description\" content=\"J\u2019arrive \u00e0 la fin de ma d\u00e9fiscalisation, que faire ? Vous avez acquis il y a plusieurs ann\u00e9es un bien avec un dispositif de d\u00e9fiscalisation type Loi Pinel, Loi Duflot, Loi Scellier ou encore Loi De Normandie. \u00a0 Sans s\u2019attarder sur ces diff\u00e9rents dispositifs fiscaux, chacun d\u2019eux permettait \u00e0 sa mani\u00e8re de d\u00e9fiscaliser dans la [&hellip;]\" \/>\n<meta property=\"og:url\" content=\"https:\/\/programme-neuf-rennes.fr\/index.php\/fin-de-defiscalisation\/\" \/>\n<meta property=\"og:site_name\" content=\"Lhermine Immobilier\" \/>\n<meta property=\"article:modified_time\" content=\"2021-09-07T11:39:10+00:00\" \/>\n<meta property=\"og:image\" content=\"https:\/\/programme-neuf-rennes.fr\/wp-content\/uploads\/2021\/03\/Residence_de_la_paix.jpeg\" \/>\n<meta name=\"twitter:card\" content=\"summary_large_image\" \/>\n<meta name=\"twitter:label1\" content=\"Dur\u00e9e de lecture est.\">\n\t<meta name=\"twitter:data1\" content=\"2 minutes\">\n<script type=\"application\/ld+json\" class=\"yoast-schema-graph\">{\"@context\":\"https:\/\/schema.org\",\"@graph\":[{\"@type\":\"WebSite\",\"@id\":\"https:\/\/programme-neuf-rennes.fr\/#website\",\"url\":\"https:\/\/programme-neuf-rennes.fr\/\",\"name\":\"Lhermine Immobilier\",\"description\":\"Programme immobilier Neuf Rennes - Investissement et d\\u00e9fiscalisastion\",\"potentialAction\":[{\"@type\":\"SearchAction\",\"target\":\"https:\/\/programme-neuf-rennes.fr\/?s={search_term_string}\",\"query-input\":\"required name=search_term_string\"}],\"inLanguage\":\"fr-FR\"},{\"@type\":\"ImageObject\",\"@id\":\"https:\/\/programme-neuf-rennes.fr\/index.php\/fin-de-defiscalisation\/#primaryimage\",\"inLanguage\":\"fr-FR\",\"url\":\"https:\/\/programme-neuf-rennes.fr\/wp-content\/uploads\/2021\/03\/Residence_de_la_paix.jpeg\",\"contentUrl\":\"https:\/\/programme-neuf-rennes.fr\/wp-content\/uploads\/2021\/03\/Residence_de_la_paix.jpeg\",\"width\":2000,\"height\":1125,\"caption\":\"programme neuf rennes\"},{\"@type\":\"WebPage\",\"@id\":\"https:\/\/programme-neuf-rennes.fr\/index.php\/fin-de-defiscalisation\/#webpage\",\"url\":\"https:\/\/programme-neuf-rennes.fr\/index.php\/fin-de-defiscalisation\/\",\"name\":\"J\\u2019arrive \\u00e0 la fin de ma d\\u00e9fiscalisation, que faire ? - Lhermine Immobilier\",\"isPartOf\":{\"@id\":\"https:\/\/programme-neuf-rennes.fr\/#website\"},\"primaryImageOfPage\":{\"@id\":\"https:\/\/programme-neuf-rennes.fr\/index.php\/fin-de-defiscalisation\/#primaryimage\"},\"datePublished\":\"2021-03-24T11:55:10+00:00\",\"dateModified\":\"2021-09-07T11:39:10+00:00\",\"breadcrumb\":{\"@id\":\"https:\/\/programme-neuf-rennes.fr\/index.php\/fin-de-defiscalisation\/#breadcrumb\"},\"inLanguage\":\"fr-FR\",\"potentialAction\":[{\"@type\":\"ReadAction\",\"target\":[\"https:\/\/programme-neuf-rennes.fr\/index.php\/fin-de-defiscalisation\/\"]}]},{\"@type\":\"BreadcrumbList\",\"@id\":\"https:\/\/programme-neuf-rennes.fr\/index.php\/fin-de-defiscalisation\/#breadcrumb\",\"itemListElement\":[{\"@type\":\"ListItem\",\"position\":1,\"item\":{\"@type\":\"WebPage\",\"@id\":\"https:\/\/programme-neuf-rennes.fr\/\",\"url\":\"https:\/\/programme-neuf-rennes.fr\/\",\"name\":\"Accueil\"}},{\"@type\":\"ListItem\",\"position\":2,\"item\":{\"@type\":\"WebPage\",\"@id\":\"https:\/\/programme-neuf-rennes.fr\/index.php\/fin-de-defiscalisation\/\",\"url\":\"https:\/\/programme-neuf-rennes.fr\/index.php\/fin-de-defiscalisation\/\",\"name\":\"J\\u2019arrive \\u00e0 la fin de ma d\\u00e9fiscalisation, que faire ?\"}}]}]}<\/script>\n<!-- \/ Yoast SEO plugin. -->","_links":{"self":[{"href":"https:\/\/programme-neuf-rennes.fr\/index.php\/wp-json\/wp\/v2\/pages\/2291"}],"collection":[{"href":"https:\/\/programme-neuf-rennes.fr\/index.php\/wp-json\/wp\/v2\/pages"}],"about":[{"href":"https:\/\/programme-neuf-rennes.fr\/index.php\/wp-json\/wp\/v2\/types\/page"}],"author":[{"embeddable":true,"href":"https:\/\/programme-neuf-rennes.fr\/index.php\/wp-json\/wp\/v2\/users\/1"}],"replies":[{"embeddable":true,"href":"https:\/\/programme-neuf-rennes.fr\/index.php\/wp-json\/wp\/v2\/comments?post=2291"}],"version-history":[{"count":3,"href":"https:\/\/programme-neuf-rennes.fr\/index.php\/wp-json\/wp\/v2\/pages\/2291\/revisions"}],"predecessor-version":[{"id":3419,"href":"https:\/\/programme-neuf-rennes.fr\/index.php\/wp-json\/wp\/v2\/pages\/2291\/revisions\/3419"}],"wp:attachment":[{"href":"https:\/\/programme-neuf-rennes.fr\/index.php\/wp-json\/wp\/v2\/media?parent=2291"}],"curies":[{"name":"wp","href":"https:\/\/api.w.org\/{rel}","templated":true}]}}